 and 14980?
70
Calculate the highest common divisor of 7100 and 10.
10
Calculate the greatest common divisor of 7685 and 580.
145
Calculate the highest common factor of 147 and 7203.
147
Calculate the highest common divisor of 88 and 3916.
44
Calculate the highest common factor of 2 and 240.
2
What is the highest common divisor of 29 and 1711?
29
What is the greatest common factor of 189 and 675?
27
What is the greatest common factor of 42028 and 38?
38
What is the greatest common factor of 5063 and 61?
61
What is the greatest common divisor of 1455 and 45?
15
What is the greatest common divisor of 28 and 8?
4
What is the highest common divisor of 18 and 588?
6
Calculate the highest common factor of 50 and 650.
50
Calculate the highest common divisor of 1161 and 86.
43
What is the highest common factor of 4606 and 188?
94
What is the highest common factor of 777 and 21?
21
Calculate the highest common divisor of 234 and 325.
13
Calculate the highest common factor of 1407 and 84.
21
Calculate the highest common factor of 80 and 16.
16
What is the highest common divisor of 112 and 9776?
16
Calculate the highest common divisor of 5 and 155.
5
Calculate the highest common factor of 247 and 26.
13
Calculate the greatest common factor of 191 and 7831.
191
Calculate the greatest common factor of 16 and 48.
16
Calculate the highest common factor of 5516 and 364.
28
Calculate the greatest common divisor of 11 and 44.
11
What is the highest common factor of 1338 and 438?
6
Calculate the greatest common factor of 115 and 3335.
115
Calculate the greatest common divisor of 126 and 1197.
63
Calculate the highest common divisor of 801 and 445.
89
Calculate the highest common factor of 241 and 4.
1
Calculate the greatest common divisor of 9 and 639.
9
What is the greatest common factor of 94 and 4418?
94
What is the greatest common factor of 462 and 7546?
154
What is the greatest common divisor of 42 and 126?
42
Calculate the highest common factor of 654 and 27904.
218
Calculate the greatest common divisor of 1192 and 447.
149
Calculate the highest common factor of 192 and 3392.
64
Calculate the highest common divisor of 248 and 8.
8
Calculate the greatest common factor of 60 and 100.
20
What is the highest common divisor of 94 and 94?
94
Calculate the highest common factor of 259 and 444.
37
Calculate the greatest common divisor of 142 and 639.
71
What is the greatest common divisor of 17 and 2023?
17
What is the greatest common factor of 22 and 341?
11
What is the greatest common factor of 874 and 38?
38
What is the highest common factor of 2608 and 112?
16
What is the highest common factor of 512 and 56?
8
Calculate the greatest common factor of 123 and 14391.
123
Calculate the greatest common factor of 66 and 24189.
33
Calculate the greatest common divisor of 1440 and 1320.
120
Calculate the greatest common divisor of 30 and 6.
6
What is the highest common factor of 55 and 385?
55
Calculate the highest common factor of 2 and 1142.
2
What is the highest common factor of 4 and 116?
4
What is the greatest common factor of 23829 and 141?
141
What is the highest common divisor of 55035 and 45?
45
Calculate the greatest common divisor of 4 and 36.
4
What is the highest common factor of 381 and 12?
3
Calculate the greatest common factor of 8 and 2008.
8
Calculate the highest common divisor of 104 and 280.
8
What is the highest common factor of 416 and 728?
104
Calculate the greatest common factor of 8 and 58.
2
What is the greatest common factor of 120 and 190?
10
Calculate the greatest common divisor of 42 and 1106.
14
Calculate the highest common factor of 33 and 2035.
11
What is the greatest common factor of 14910 and 1050?
210
What is the greatest common divisor of 86 and 2322?
86
Calculate the greatest common divisor of 1568 and 32.
32
Calculate the highest common factor of 8771 and 98.
49
Calculate the highest common divisor of 68 and 10999.
17
What is the highest common divisor of 267 and 6?
3
Calculate the highest common factor of 7202 and 182.
26
What is the greatest common divisor of 8801 and 39?
13
What is the greatest common factor of 123 and 6765?
123
What is the highest common divisor of 832 and 104?
104
What is the greatest common divisor of 264 and 40?
8
Calculate the greatest common factor of 120 and 625.
5
Calculate the highest common divisor of 150 and 13350.
150
Calculate the highest common factor of 26 and 24791.
13
Calculate the highest common factor of 999 and 259.
37
What is the highest common factor of 650 and 50?
50
What is the highest common divisor of 795 and 689?
53
Calculate the highest common divisor of 273 and 231.
21
What is the highest common factor of 140 and 196?
28
What is the greatest common divisor of 200 and 3160?
40
What is the highest common divisor of 676 and 52?
52
What is the highest common divisor of 76 and 1026?
38
Calculate the greatest common factor of 442 and 1586.
26
Calculate the highest common divisor of 36 and 486.
18
What is the greatest common divisor of 119 and 34?
17
Calculate the greatest common divisor of 405 and 10.
5
What is the greatest common factor of 147 and 399?
21
What is the greatest common divisor of 58 and 493?
29
What is the greatest common factor of 640 and 24?
8
What is the greatest common factor of 44 and 15884?
44
Calculate the greatest common factor of 39333 and 42.
21
Calculate the greatest common divisor of 18 and 117.
9
Calculate the greatest common divisor of 104 and 182.
26
What is the highest common factor of 84 and 189?
21
What is the greatest common divisor of 170 and 425?
85
What is the highest common divisor of 33 and 6303?
33
Calculate the greatest common divisor of 185 and 74.
37
Calculate the highest common divisor of 854 and 98.
14
What is the greatest common divisor of 2123 and 11?
11
Calculate the greatest common divisor of 196 and 112.
28
Calculate the highest common factor of 42 and 105.
21
Calculate the greatest common factor of 1920 and 45.
15
What is the greatest common divisor of 13 and 31343?
13
Calculate the highest common divisor of 224 and 3696.
112
Calculate the highest common factor of 304 and 24.
8
Calculate the highest common factor of 3031 and 28.
7
What is the greatest common divisor of 58 and 46?
2
Calculate the greatest common factor of 27 and 18.
9
Calculate the highest common factor of 28 and 72.
4
What is the greatest common divisor of 1610 and 138?
46
Calculate the highest common divisor of 42 and 483.
21
What is the greatest common factor of 160 and 1888?
32
What is the highest common factor of 8 and 8920?
8
What is the greatest common factor of 169 and 104?
13
What is the highest common factor of 21895 and 453?
151
What is the highest common divisor of 2210 and 1040?
130
What is the greatest common divisor of 14540 and 20?
20
Calculate the highest common divisor of 14 and 1022.
14
What is the highest common divisor of 335 and 5?
5
What is the greatest common divisor of 14948 and 2020?
404
What is the highest common divisor of 1450 and 90?
10
Calculate the greatest common divisor of 22 and 946.
22
What is the highest common divisor of 143 and 44?
11
Calculate the highest common factor of 140 and 80.
20
What is the greatest common factor of 913 and 33?
11
Calculate the highest common factor of 2507 and 109.
109
What is the highest common factor of 3375 and 250?
125
What is the greatest common factor of 176 and 6416?
16
What is the greatest common factor of 105 and 42?
21
Calculate the highest common factor of 22496 and 32.
32
What is the greatest common divisor of 814 and 370?
74
Calculate the highest common factor of 156 and 12.
12
Calculate the highest common divisor of 147 and 1722.
21
Calculate the greatest common factor of 60 and 195.
15
What is the highest common factor of 1591 and 774?
43
What is the highest common divisor of 8 and 16?
8
What is the highest common factor of 361 and 19?
19
Calculate the highest common factor of 708 and 228.
12
Calculate the greatest common divisor of 128 and 56.
8
Calculate the highest common factor of 1995 and 1482.
57
What is the highest common factor of 16739 and 57?
19
Calculate the greatest common divisor of 176 and 720.
16
What is the highest common divisor of 1780 and 20?
20
What is the greatest co